{"id":2369,"date":"2023-12-13T13:44:16","date_gmt":"2023-12-13T12:44:16","guid":{"rendered":"https:\/\/zd-crnomelj.si\/zvc\/?page_id=2369"},"modified":"2023-12-13T13:44:16","modified_gmt":"2023-12-13T12:44:16","slug":"delavnica-zdravo-hujsanje","status":"publish","type":"page","link":"https:\/\/zd-crnomelj.si\/ckz\/delavnica-zdravo-hujsanje\/","title":{"rendered":"delavnica Zdravo huj\u0161anje"},"content":{"rendered":"<div dir=\"auto\">V\u010deraj,12.12.2023, smo uspe\u0161no zaklju\u010dili delavnico Zdravega huj\u0161anja! Udele\u017eenci so naredili pozitivne spremembe na podro\u010dju zdravega \u017eivljenjskega sloga\u00a0in tako poskrbeli za svoje zdravje in dobro po\u010dutje.<\/div>\n<div dir=\"auto\">Vabljeni, da se januarja 2024 pridru\u017eite novim skupinam. Udele\u017eenci bodo prejeli strokovno podporo dietetika, psihologinje, fizioterapevtke in medicinske sestre pri spreminjanju \u017eivljenjskega sloga. Delavnica poteka 18 tednov in je financirana iz osnovnega zdravstvenega zavarovanja.<\/div>\n<div dir=\"auto\">Prijave in ve\u010d informaciji:07 62 05 755 ali katarina.brgan.petric@zd-crnomelj.si.<\/div>\n","protected":false},"excerpt":{"rendered":"<p>V\u010deraj,12.12.2023, smo uspe\u0161no zaklju\u010dili delavnico Zdravega huj\u0161anja! Udele\u017eenci so naredili pozitivne spremembe na podro\u010dju zdravega \u017eivljenjskega sloga\u00a0in tako poskrbeli za svoje zdravje in dobro po\u010dutje. Vabljeni, da se januarja 2024 pridru\u017eite novim skupinam. Udele\u017eenci bodo prejeli strokovno podporo dietetika, psihologinje, fizioterapevtke in medicinske sestre pri spreminjanju \u017eivljenjskega sloga. Delavnica poteka 18 tednov in je financirana [&hellip;]<\/p>\n","protected":false},"author":9,"featured_media":2370,"parent":0,"menu_order":0,"comment_status":"closed","ping_status":"closed","template":"","meta":{"footnotes":""},"class_list":["post-2369","page","type-page","status-publish","has-post-thumbnail","hentry"],"_links":{"self":[{"href":"https:\/\/zd-crnomelj.si\/ckz\/wp-json\/wp\/v2\/pages\/2369","targetHints":{"allow":["GET"]}}],"collection":[{"href":"https:\/\/zd-crnomelj.si\/ckz\/wp-json\/wp\/v2\/pages"}],"about":[{"href":"https:\/\/zd-crnomelj.si\/ckz\/wp-json\/wp\/v2\/types\/page"}],"author":[{"embeddable":true,"href":"https:\/\/zd-crnomelj.si\/ckz\/wp-json\/wp\/v2\/users\/9"}],"replies":[{"embeddable":true,"href":"https:\/\/zd-crnomelj.si\/ckz\/wp-json\/wp\/v2\/comments?post=2369"}],"version-history":[{"count":2,"href":"https:\/\/zd-crnomelj.si\/ckz\/wp-json\/wp\/v2\/pages\/2369\/revisions"}],"predecessor-version":[{"id":2372,"href":"https:\/\/zd-crnomelj.si\/ckz\/wp-json\/wp\/v2\/pages\/2369\/revisions\/2372"}],"wp:featuredmedia":[{"embeddable":true,"href":"https:\/\/zd-crnomelj.si\/ckz\/wp-json\/wp\/v2\/media\/2370"}],"wp:attachment":[{"href":"https:\/\/zd-crnomelj.si\/ckz\/wp-json\/wp\/v2\/media?parent=2369"}],"curies":[{"name":"wp","href":"https:\/\/api.w.org\/{rel}","templated":true}]}}